ghest common divisor of p and 6.
6
Suppose -4*u = 50 + 14. Let n be 21*(u/(-6) + -2). Let p = -348 + 502. What is the greatest common factor of n and p?
14
Suppose -4*d - 6*h + 2*h = 52, -h + 17 = -d. Let l be (-5)/d + (-68)/(-3). What is the highest common factor of 23 and l?
23
Let c(y) = -y**3 - 6*y**2 + 13*y + 12. Let a be c(-8). Let f = a - 21. What is the highest common factor of f and 165?
15
Suppose 3*r + 3 = b, r + 5*b = 3 + 12. Suppose 3*y - 10 - 41 = r. What is the highest common divisor of 17 and y?
17
Let p = 18 + -7. Suppose p + 10 = 3*j. Let x be 260/36 - 4/18. Calculate the highest common divisor of j and x.
7
Let y(j) = -2*j**3 + 13*j**2 + j + 6. Let i be y(6). Calculate the greatest common factor of 16 and i.
16
Suppose 6 = -a - q + 3, 5*a = -3*q - 5. Let v(c) = -c**2 - 6*c + 2. Let o be v(-3). Suppose o = -a*u + 43. What is the highest common factor of 2 and u?
2
Suppose f = 3*f - 176. Calculate the greatest common factor of 8 and f.
8
Suppose -4*y + 4 = -4. Suppose 5*z + 6*r - y*r = 34, -4 = -z + 2*r. What is the greatest common divisor of 66 and z?
6
Let j be 340/8 - 4/8. What is the greatest common divisor of j and 105?
21
Let d be (-9)/(-15) - (-726)/15. What is the greatest common divisor of 28 and d?
7
Let w(z) = 5*z - 2. Let q be w(4). What is the greatest common divisor of 27 and q?
9
Let p = -33 - 37. Let l be ((-16)/20)/(4/p). Suppose l = z + 1. Calculate the greatest common divisor of z and 104.
13
Let q be 5*(-93)/(-18) + 3/18. What is the highest common divisor of 65 and q?
13
Suppose 21 = 6*i - 3*i. Suppose -14 = -j + 42. Calculate the greatest common factor of j and i.
7
Let m be 72/5 - 6/15. Suppose -w = -0*w - 15. Let z be (39/w + -3)*-35. What is the greatest common factor of z and m?
14
Suppose 12*b - 4*b - 368 = 0. What is the greatest common divisor of 23 and b?
23
Let y be (-5)/(-4 - (-1 - (6 + -4))). Calculate the greatest common divisor of y and 45.
5
Let d be ((-100)/(-150))/((-523)/525 - -1). Suppose 0 = 5*z + 43 - 168. Calculate the highest common divisor of z and d.
25
Suppose -2*g - g = -60. Calculate the greatest common divisor of 180 and g.
20
Let z(p) = -4*p - 9. Let m be z(-5). Suppose -x = 5*o + 3*x - 59, 56 = 5*o + x. Calculate the greatest common divisor of o and m.
11
Let t = -97 + 167. Let a be 13 - (0 - -1) - -2. What is the highest common divisor of a and t?
14
Suppose -4*i = -3*z - 23 + 82, 2*i = 5*z - 89. Suppose 2*v - z - 15 = 0. Calculate the highest common factor of 8 and v.
8
Let c = -53 + 148. Calculate the highest common factor of c and 38.
19
Let f be (-4)/18 - (-129)/(-27). Let m be f/(1 - (1 - -1)). Calculate the greatest common factor of 55 and m.
5
Let i be 48/(-1*(-9)/6). Let b = i + -18. Let h = 31 - 17. What is the greatest common divisor of b and h?
14
Let q(v) = -v**3 - 4*v**2 - 10*v. Let u be q(-7). Calculate the highest common divisor of 31 and u.
31
Let t(y) = -10*y + 10. Let s be t(-11). Calculate the highest common factor of s and 15.
15
Let n = 5 + -3. Let k be n/1 - 70/(-5). Calculate the greatest common factor of k and 40.
8
Suppose -165*y + 163*y + 12 = 0. What is the greatest common divisor of 42 and y?
6
Let s be -1 + -4 + (2 - -133). What is the greatest common divisor of 26 and s?
26
Let p = 69 - -3. Calculate the greatest common factor of 8 and p.
8
Let h be 88*-1*(2 + -1). Let n = 2 - h. Calculate the highest common factor of n and 10.
10
Suppose -4*s = 4*a - 624, 5*a - s - 309 = 3*a. Suppose 9*t - 4*t - 5*b = a, -3*b - 12 = 0. What is the greatest common factor of 18 and t?
9
Suppose 0*b + 5*b - 10 = 0. Let v = b + 3. Calculate the highest common factor of 20 and v.
5
Let c be (108/20)/(-3*1/(-10)). Let g = 110 - 38. Calculate the greatest common divisor of c and g.
18
Suppose -3 = -j - 2*v + 23, 3*j - 3*v = 105. Calculate the greatest common divisor of j and 80.
16
Suppose -2*u = -3*n - 357, 2*u - 6*u - 3*n = -669. Let g(k) = k**2 - k + 19. Let h be g(0). Calculate the greatest common divisor of u and h.
19
Let a be 264/9 - (-2)/3. Suppose 3*d + n - 2*n - 51 = 0, -4*n = d - a. Let q = -17 - -35. What is the highest common factor of q and d?
18
Suppose 3*n - 9 = -0*n. Suppose 6 = 5*w - n*w. Let u = 29 - 28. Calculate the greatest common divisor of u and w.
1
Let f(u) = -u - 1. Let b be f(-4). Suppose b*t + 0 - 12 = 0. What is the highest common factor of 28 and t?
4
Let q(w) = 5*w + 8. Let u be q(8). Suppose 0*c + c = -4*l + 45, -4*c - 36 = -2*l. Calculate the greatest common factor of l and u.
12
Suppose 4*b = -w - 14, w - 5*b - 7 = 15. Suppose w = -2*n + 6. Let r be n/3 - 50/(-6). Calculate the highest common factor of 9 and r.
9
Let n = -4 + 13. Let k be 313/7 + (-4)/(-14). What is the highest common divisor of n and k?
9
Suppose 4*g - 112 - 240 = 0. Calculate the greatest common divisor of 11 and g.
11
Suppose -17*w = w - 1134. Suppose 5*f + 6 = -2*j, 4*j = 3*f + 41 - 1. Calculate the highest common divisor of j and w.
7
Let q(z) = z - 6. Let a be q(6). Suppose 0*p - 2*p = -28. Suppose -k = -f + 28, a = -f - 2*k + 39 - p. What is the greatest common divisor of f and 9?
9
Let t(i) = 11*i - 2. Let b be t(2). Suppose 0*w + 5*w = 25. Suppose p + 4*p - 65 = w*o, -p - 5*o = 5. What is the highest common factor of p and b?
10
Suppose 4*t + 4*n - 52 = n, -3*t + n + 52 = 0. Calculate the greatest common factor of 64 and t.
16
Suppose -r = 2 - 5. Suppose -5*d = -q - 20, -q - 17 = d + r*q. What is the highest common factor of d and 12?
3
Let m(t) = -t**2 - t + 55. Let o = -6 - -6. Let l be m(o). Calculate the highest common divisor of 22 and l.
11
Let u be (-4 - -2)/(4/(-8)). Suppose q - u*q + 4*h = -12, -3*h + 33 = 3*q. Suppose -5*w + 3*w = -q. Calculate the highest common factor of w and 40.
4
Let s be 239/5 - 7/(-35). Calculate the greatest common factor of 64 and s.
16
Let f be 6/(-9) + (-231)/(-9). What is the greatest common divisor of f and 5?
5
Suppose -5*l = -4*n - 67, -5*l + 58 = -n - 0*n. Calculate the highest common divisor of l and 55.
11
Let c be 20*(-5 + 161/28). Suppose -2*u + 6*u - 8 = 0. Let w = 133 + u. Calculate the highest common divisor of c and w.
15
Let v be (-4)/(-10)*(0 + 65). Suppose -3*k + 29 = -2*b - 823, b + 855 = 3*k. What is the highest common factor of v and k?
26
Let t = -143 - -177. Calculate the greatest common factor of t and 17.
17
Let m = -6 + 5. Let w be 1 + -1 + (99 - m). What is the highest common factor of w and 10?
10
Let v be ((-7)/14)/((-2)/56). What is the highest common factor of 154 and v?
14
Let d be ((-3)/6)/(6/(-372)). What is the highest common divisor of d and 248?
31
Let n be (-10)/(-4)*(-12)/(-10). Let r be 2/(1*(1 - 3)). Let w be 0 + 0 + (2 - r). Calculate the greatest common divisor of w and n.
3
Let h = 11 - 7. Suppose 2*x - 6 = -3*c, 3*x + c = h*c - 6. Suppose 4*n - 4 - 20 = x. What is the greatest common factor of n and 2?
2
Let d = 2 + 70. Let i = 153 - d. Calculate the highest common factor of i and 9.
9
Suppose -4*j - 2*o + 10 = -4*o, -4*o = 20. Suppose 3*q - 2 - 16 = j. Calculate the highest common divisor of q and 3.
3
Suppose 3*o + 121 = 2*k, -2*k - 18 = -o - 137. Let z = k - -84. What is the highest common divisor of z and 13?
13
Let l be (0 - -2) + 1*-1. Let g be (-6)/2*4/(-12). Calculate the greatest common divisor of g and l.
1
Let n(c) = -c**3 - 4*c**2 + 5*c - 6. Let h be n(-5). Let o be h/(-1) + 0/(-2). Let d be (-3)/o - (-134)/4. What is the highest common factor of 11 and d?
11
Let y(b) = -b**3 + b**2 + 3*b - 2. Let l be y(2). Suppose 21 + 5 = g - s, l = -g + 2*s + 24. What is the highest common divisor of g and 14?
14
Suppose 3*p = -0*p + 195. Let o = 55 - 29. Calculate the greatest common factor of p and o.
13
Let l = 56 + -47. What is the highest common divisor of l and 81?
9
Let g be (1 + 0)/((-3)/(-123)). Let b = g - 17. Let n = 2 - -1. Calculate the highest common divisor of n and b.
3
Suppose -5*v + 4 = -21. What is the highest common divisor of v and 15?
5
Suppose -54 = 5*j - 8*j. Calculate the greatest common divisor of 45 and j.
9
Suppose 0 = 5*a + 20, 3*t - 5*a - 81 = -13. Let b be -1 - (1 + -9 + -1). What is the greatest common factor of t and b?
8
Let q be (-282)/(-8) + (-1)/4. Let j = q + -18. Let r = -6 + j. Calculate the greatest common factor of 66 and r.
11
Suppo